= 5*p. Suppose 5*k - 38 - 12 = 0. Calculate the highest common factor of k and h.
10
Let r(o) be the first derivative of o**3/3 - 20*o - 18. Let t be r(-6). What is the highest common factor of t and 48?
16
Let q be ((-3)/2)/(25/(-50)). Suppose q*f - 38 = 10. Calculate the highest common divisor of 16 and f.
16
Suppose -2*t = -3*t + 2107. What is the greatest common factor of 86 and t?
43
Let l = 12 + -12. Let y(a) = -a**2 - a + 89. Let v be y(l). Suppose -t + 37 = -v. What is the greatest common factor of t and 14?
14
Let b be 1*-1 + -2 + 66. Suppose -208 = 4*j + 5*g + 99, 0 = -j - 5*g - 73. Let t = 85 + j. What is the greatest common factor of b and t?
7
Let c = -33 + 30. Let v be (c - -5)*256/4. Calculate the highest common divisor of v and 16.
16
Suppose 0 = 74*d - 76*d + 558. What is the highest common factor of 9 and d?
9
Let l(a) = 3*a - 46. Let p be l(15). Let d be (40/(-16))/((-13)/12 - p). What is the greatest common factor of 15 and d?
15
Let f = 183 + -137. Let n = -41 + f. What is the greatest common divisor of 25 and n?
5
Let a(f) = 2*f**2 + 3*f + 2. Let j be a(-2). Calculate the greatest common factor of j and 36.
4
Let c = -71 + 83. Let v = c + -7. Suppose 5*w - w - r - 220 = 0, r = -w + 55. What is the greatest common factor of v and w?
5
Let s(n) = n**3 + 4*n**2 + 3*n + 3. Suppose 0 = 3*p + 14 - 5. Let l be s(p). Let i be (6/l)/(-4)*-8. Calculate the greatest common factor of i and 8.
4
Let g(r) = r**3 + 9*r**2 + 3*r + 3. Let a be g(-5). Let m be 2/((-6)/88 - (-5)/20). What is the highest common factor of a and m?
11
Suppose 40 = j + 2*i, 5*j + 4*i - 200 = 3*i. Suppose 20 = 3*l - j. What is the greatest common factor of 20 and l?
20
Let r(i) be the second derivative of i**4/4 + i**3/2 + 3*i**2/2 + i. Let u be r(-1). Calculate the greatest common factor of u and 24.
3
Let d(y) = y**2 + 2*y - 12. Let n be d(-6). Let a be (-2 + 30/24)*-48. Calculate the greatest common divisor of a and n.
12
Let x be 12/(-9)*(-45)/6. Calculate the greatest common divisor of x and 115.
5
Suppose -5 - 7 = -4*h. Suppose -52 = -2*t + h*q, 6 = t + 4*q - 20. What is the greatest common factor of t and 104?
26
Let j = 44 - -32. Suppose f - j = 8*o - 3*o, 8 = -4*o. What is the highest common factor of 22 and f?
22
Suppose 2*k + 53 = -5. Let q = 35 + k. Calculate the greatest common factor of 12 and q.
6
Suppose w + 248 = 3*w. Suppose 0 = o + 2, 0 = 3*i - 0*i + o - w. What is the greatest common factor of i and 210?
42
Suppose 3*l - 550 = -4*y, 11*l = -y + 7*l + 144. Calculate the greatest common divisor of 17 and y.
17
Let k(o) = 13*o**2 - o + 90. Let z be k(0). Calculate the greatest common divisor of 40 and z.
10
Let o be ((-2)/(-3))/(5/15). Let x be 117/(12/8*o + -2). What is the highest common divisor of x and 13?
13
Let t = 120 - 21. Let n be 0 + 25/3 + 314/471. Calculate the highest common divisor of n and t.
9
Let m = -84 + 156. Let x be ((-29)/232)/((-1)/(-6)) - 375/(-20). Calculate the highest common divisor of m and x.
18
Suppose p - 134 = -4*w, -3*p - w + 250 = -130. What is the greatest common factor of p and 9?
9
Suppose -5*a = h - 62, 3*h - 30*a - 126 = -33*a. Calculate the greatest common factor of 37 and h.
37
Let l(z) = 69*z**3 + z**2 - 6*z + 4. Let o be l(1). What is the highest common divisor of o and 544?
68
Let o be 1563/36*3 + 4/(-16). What is the greatest common divisor of 52 and o?
26
Suppose -34 = -2*y + 26. Suppose -m = 3*m - 300. What is the greatest common divisor of y and m?
15
Let j be ((-4)/(-6))/((-6)/(-27)). Let o(g) = 2*g**3 - 6. Let z be o(j). Suppose 2*f - 5*f + z = 0. What is the greatest common divisor of f and 16?
16
Let q = 109 - 107. Suppose q*k = 3*z + 2*z - 92, -5*z + 4*k + 94 = 0. Calculate the highest common factor of z and 144.
18
Let r(a) = a**3 + 4*a**2 - 5. Let n be r(-3). Suppose -n*q - k = -0*k - 14, q + k = 2. What is the greatest common factor of 1 and q?
1
Let h(q) = -q**3 - q**2 + 4*q - 3. Let a be h(2). Let j(w) = w**3 + 8*w**2 + 4*w - 13. Let p be j(a). Calculate the highest common factor of 28 and p.
4
Let t(o) = 10*o**2 - 7*o + 4. Let k be t(-6). Calculate the greatest common divisor of 14 and k.
14
Let j(a) = -5*a - 15. Let w(l) = -l**3 + 4*l**2 - 2*l - 3. Let s be w(4). Let k be j(s). Let f = k + -7. What is the highest common factor of f and 22?
11
Let q be ((-115)/(-8) - -1) + (-222)/592. What is the highest common factor of 10 and q?
5
Let o be ((-8)/24)/((-2)/36). Let u(k) = k**3 - 3*k**2 - 2*k + 12. Let r be u(o). What is the highest common divisor of r and 36?
36
Suppose 0 = -2*r - 3*b + 13, 6*r + 7 = 4*r + b. Let w be r/5 - (-72)/(-15). Let z = -1 - w. What is the highest common factor of z and 6?
2
Suppose -2*x - 283 = -4*k + 3*x, -313 = -4*k - x. What is the greatest common factor of 21 and k?
7
Let m = -11 - -16. Suppose 0 = 2*g - m*l - 56, g + 3*l = 2*g - 29. Let h be (-15)/20 - (-561)/12. What is the highest common divisor of g and h?
23
Let d(b) = -53*b + 15. Let p be d(-2). What is the greatest common divisor of p and 33?
11
Let f be 0/(0 + (2 - 4)). Let y be 18 + -1 + (f - 0). Calculate the greatest common factor of y and 34.
17
Suppose -78*m + 73*m - 205 = 0. Let w(z) = -z**3 + z**2 + 4*z + 3. Let d be w(4). Let r = d - m. What is the greatest common factor of r and 60?
12
Suppose 4*d = 5*j - 49, -j + 6 + 29 = -5*d. Let z be (-45)/d*(28/12 - -3). Suppose -4*b = -5 - 15. What is the highest common factor of b and z?
5
Let h be (-84)/(-4 + 1) + -2. Let v be 2/(-6) + (-200)/(-15). Calculate the highest common factor of v and h.
13
Suppose 0 = 12*b - 53 - 67. What is the greatest common factor of b and 170?
10
Let c be 8/1 - 3 - -641. Let f = c - 206. Calculate the highest common divisor of f and 55.
55
Suppose -18*f - 32 = -22*f. Suppose -6*h - 96 = -f*h. What is the highest common divisor of 12 and h?
12
Let y(q) = -8*q - 2. Let k be y(4). Let v = k - -42. What is the highest common divisor of 64 and v?
8
Suppose -y + 26 = 24. Suppose -4*t = y*t - 384. What is the greatest common factor of t and 32?
32
Let i be (-3 - 5/(-2))*(-1 - 5). Suppose 3*z + 4*c = i, 2*z - 2 = 4*z + 4*c. Suppose 4*r = 6 + 2. What is the highest common factor of z and r?
1
Let s be -14*(-2 + -5 + 2). Let l = 117 - s. Suppose z + 13 = l. What is the greatest common divisor of 306 and z?
34
Let s(q) = -2*q**3 + 38*q**2 - 14*q + 24. Let n be s(18). What is the highest common factor of 252 and n?
84
Let g(j) = 0 - 2 - 4 + 2*j + 2. Let m be g(10). What is the highest common divisor of m and 8?
8
Let f be (4 - 4) + -3 + 8. Let n = 13 + -14. Let o be 2/((-6)/10 - n). What is the greatest common factor of o and f?
5
Suppose 0 = 3*p + p - r - 206, p - 44 = 4*r. Let x = p + -36. Let w be 3876/22 - (-34)/(-187). Calculate the greatest common divisor of w and x.
16
Suppose 11*j + 3*a - 1274 = 6*j, 0 = -2*j + 5*a + 522. Calculate the highest common factor of j and 144.
16
Suppose -23*y = -24*y. Suppose g - 6*g + 110 = y. What is the greatest common factor of 55 and g?
11
Let a(t) = t**2 + 5*t - 30. Let k be a(6). Suppose k*r + 14 = 37*r. Calculate the highest common divisor of r and 224.
14
Let p be 3 + 2 + -6 - 27/(-1). Calculate the greatest common divisor of 1222 and p.
26
Suppose 23*t - 22*t + f = 8, 8 = -3*t + 5*f. What is the highest common factor of t and 37?
1
Let l = 171 - 116. Calculate the highest common divisor of 10 and l.
5
Let x be 153/(-6)*12/(-9). Suppose -2*h = 9 - 43. What is the highest common divisor of x and h?
17
Let h = -16 - -26. Suppose 2*v + 0*v = 88. Let q = 69 - v. Calculate the highest common divisor of q and h.
5
Suppose -p - 3*l = -137 - 84, 0 = -3*l - 3. Calculate the greatest common factor of 64 and p.
32
Suppose -4*k + 0*k + 511 = b, -3*b = -2*k - 1477. Let i be ((-4)/6)/((-30)/b). Calculate the highest common factor of i and 143.
11
Suppose -3*f + 5*q + 61 = 0, 0 = 3*f - 0*q - 4*q - 62. Let u = f - 2. What is the highest common divisor of u and 50?
10
Suppose 6*i - 31 - 563 = 0. Calculate the greatest common divisor of 231 and i.
33
Suppose -2*s - s = -45. Let q = 19 + s. Calculate the highest common factor of q and 136.
34
Let b(q) = q**2 - 3*q - 26. Let h be b(8). What is the highest common factor of 14 and h?
14
Let o(f) = 8*f - 7. Let b be o(12). Let j = 109 - b. What is the 